 + 4*l(i). List the prime factors of y(3).
2
Suppose 0 = 8*u - 106 - 78. What are the prime factors of u?
23
List the prime factors of 340/35 + (-6)/(-21).
2, 5
Let m(q) = 8*q + 24. List the prime factors of m(13).
2
Suppose 4*s - 8 = 0, -5*t + 4*s + 36 = -t. Let l = 45 - t. What are the prime factors of l?
2, 17
Let j(i) be the first derivative of 11*i**4/4 + i**3/3 - i**2 + i - 1. What are the prime factors of j(1)?
11
Suppose 0 = v - 5*i - 45, -5*i + 4*i + 264 = 4*v. What are the prime factors of v?
5, 13
Suppose 0 - 12 = -3*s. Suppose 0 = -3*g - s*m - 40, -4*g - 19 = -5*m + 24. Let t = 3 - g. What are the prime factors of t?
3, 5
Let m(i) = 4*i + 8. Let d be m(-7). Let z = -28 - d. List the prime factors of (1 - z) + (5 - 3).
11
Suppose -4*t + 2*t = -4*x + 366, -5*x - 2*t + 480 = 0. List the prime factors of x.
2, 47
Let j(h) = h**3 - 8*h**2 + 2*h - 10. Let u = 14 + -6. What are the prime factors of j(u)?
2, 3
Let r(f) = 2*f**2 - f - 8. What are the prime factors of r(-6)?
2, 5, 7
Let h = -1 - -3. Let z = h - 0. Suppose -22 = z*l - 4*l + 4*u, 4*u - 20 = -4*l. What are the prime factors of l?
7
Suppose 2*h - 8 = -0*h, -2*h = -p - 7. Let t = p - -9. What are the prime factors of t?
2, 5
Suppose 15 + 56 = 5*j + 3*q, -36 = -3*j - 4*q. Let d = -15 - -25. Let c = j - d. What are the prime factors of c?
2, 3
Let x be (-9)/2*4/(-6). Suppose 0 = -5*u + 15, 2*d - x*u - 69 = -4*u. What are the prime factors of d?
3, 11
Let l be 6/4 - (-22)/4. Let s = l - 15. List the prime factors of 1/((-1)/s + 0).
2
Let j(q) = -33*q. What are the prime factors of j(-1)?
3, 11
Suppose 0 = 3*j - 5*j + 122. List the prime factors of j.
61
Let o be 3/5 + (-3)/5. What are the prime factors of 11 - o*2/6?
11
Let x = -29 - -19. Let y = 14 - x. What are the prime factors of y?
2, 3
Suppose 0 = c - 0*c - 20. What are the prime factors of (-4 + 3)*1 + c?
19
Let o(y) = 16*y + 10. List the prime factors of o(12).
2, 101
Let w(i) be the first derivative of -i**3/3 - 7*i**2/2 + 6*i - 3. List the prime factors of w(-6).
2, 3
Suppose -f = -5*x + 23, -7 + 1 = -3*x - 2*f. Suppose 0*o + 2*o + x*l - 14 = 0, 25 = 5*o + 5*l. What are the prime factors of o?
3
Let k = 52 - 26. Suppose -g + 8 = -s, -5*s + 11 = 2*g - k. What are the prime factors of g?
11
Let h = -10 - -20. Let d = h + -3. Suppose -2*n - 6*f = -3*f - 27, 5*f = 3*n + d. List the prime factors of n.
2, 3
Let d = -129 + 271. What are the prime factors of d?
2, 71
Let n = 42 - 23. Suppose -3*b + 7*b - o - n = 0, -4*b + 5*o = -15. Suppose i - b*i + 40 = 0. What are the prime factors of i?
2, 5
Let w(u) be the third derivative of u**5/60 - u**4/4 + u**3/3 - 2*u**2. Let g(a) = -a**3 + 6*a**2 + 9*a - 7. Let h be g(7). List the prime factors of w(h).
3
Suppose 2*w = -w. Let z be -1 - w - 30/(-3). Let j = 17 - z. What are the prime factors of j?
2
Suppose 3*j + 0*j - 141 = 0. List the prime factors of j.
47
Suppose 3*p - p - 10 = 0. Suppose 0 = -2*y + 6*s - s + 10, 3*y = p*s + 15. What are the prime factors of y?
5
Suppose 5*y + 123 - 380 = 4*m, -233 = -5*y - 4*m. What are the prime factors of y?
7
Suppose a = 0, 2*j - 3*a = -2*a + 92. Suppose 3*q + j + 2 = 0. Let h = q - -27. List the prime factors of h.
11
Suppose -91 = 5*n + 54. Let d = -18 - n. What are the prime factors of d?
11
Let z(l) = 6*l - 8. Let s be z(-6). Let k = -26 - s. List the prime factors of k.
2, 3
Let p be (9 - 7)/(1/6). Let o = p + 11. List the prime factors of o.
23
Suppose -4*r + v + 70 = 0, 4*r + 2*v = 98 - 22. Suppose -t = 2*t - r. Suppose 2*h - 16 = t. What are the prime factors of h?
11
Let h be (-5)/((-70)/12)*7. Let d be 4/h - (-16)/12. List the prime factors of (12/2)/(3/d).
2
Suppose -76 = -4*u - 4*f + 6*f, 0 = 2*f - 4. What are the prime factors of u?
2, 5
Let y = 1 + -4. Let l be -5*(y + 1 - -1). Suppose -l*v - 5 = -45. List the prime factors of v.
2
Suppose -1 + 15 = 2*o. What are the prime factors of o?
7
Let a(c) = c**2 - 8*c + 8. What are the prime factors of a(9)?
17
What are the prime factors of (0 - (-8)/(-6))*-33?
2, 11
Let l = 165 - 97. List the prime factors of l.
2, 17
Let y = 4 - 0. Let n(o) = 7*o - 3. What are the prime factors of n(y)?
5
Suppose 3*q = 0, -k = -4*k + 2*q - 21. Let b be (-103)/(-7) - 2/k. Let o = -8 + b. List the prime factors of o.
7
List the prime factors of 28*(-2 - (-52)/16).
5, 7
Let x(a) = 3*a**3 + a**2 - 4*a - 3. List the prime factors of x(3).
3, 5
Suppose -4*v - t + 517 = 0, 5*v - 4*t = 2*v + 402. List the prime factors of v.
2, 5, 13
Let g = 92 + -44. List the prime factors of g.
2, 3
Let y(a) = a**3 - 6*a**2 - 6*a + 3. Let g = -12 - -17. Let d = g + 2. List the prime factors of y(d).
2, 5
Let s = -1 + 6. Suppose 3*y = -8*k + s*k + 45, y = 5*k - 57. What are the prime factors of k?
2, 3
Let q be (4 - 4)/(2/1). Suppose q = 3*c - 9. Suppose -c*g + 20 = -g. List the prime factors of g.
2, 5
Let h be (0 - (0 - -1)) + 6. Suppose -2*o - h = -19. What are the prime factors of o?
7
Suppose 19*n + 10 = 24*n. List the prime factors of n.
2
Let b(r) = 51*r**2. Let n(k) = -k**2 + 3*k + 3. Let g be n(4). What are the prime factors of b(g)?
3, 17
Suppose 0 = -k + 2, -2*g - 8 = -3*g - 3*k. Suppose -5*c + 2*i - i + 130 = 0, -g*c + i + 55 = 0. What are the prime factors of c?
5
Suppose h + 45 = 6*h. List the prime factors of h.
3
Suppose 3*r + 73 = 5*b, 0 = 3*b - 3*r - 2 - 37. Suppose 3*d = 2*j + 10, 2*d = 2*j + 10 - 0. Let p = j + b. List the prime factors of p.
2, 3
Let y = 7 + -9. Let w = y - -10. List the prime factors of w.
2
Suppose -3*j = 3*l + 6, 0 = 3*l + 4*j - 0 + 6. Let s = l + 14. What are the prime factors of s?
2, 3
Let g be 2 + (2 + 0)/2. Suppose 34 = -g*u - 4*b, -2*u + 2*b + 3*b + 8 = 0. List the prime factors of (14/(-3))/(4/u).
7
Let c(i) = -2*i**3 + 24*i**2 - 9*i - 19. What are the prime factors of c(11)?
2, 31
Let u = 3 - 0. Suppose g + u - 2 = 0. What are the prime factors of -2 + (g - -1 - -12)?
2, 5
Let l(s) = 19*s - 4. List the prime factors of l(2).
2, 17
Let g = 64 + -22. List the prime factors of g.
2, 3, 7
Let l = -4 + 6. Suppose s = -4*u - 67, -l*u + 5 - 22 = -5*s. Let f = u - -28. What are the prime factors of f?
2, 3
Suppose 2*w = 4*c - 16, 0*c + 16 = w + 4*c. Let u be 7 - ((-2 - -1) + w). Let s = u - -2. What are the prime factors of s?
2, 5
Suppose 2*q - 3 - 91 = 0. List the prime factors of q.
47
Let l(c) = -c**2 + 10*c + 2. Let n be l(10). Let g = 5 - n. Suppose 38 = 2*q + 2*s, g*s + 0*s = -3. List the prime factors of q.
2, 5
Suppose -2*p = -4*p + 34. List the prime factors of p.
17
Let c be (-275)/22*(-8)/5. Let l = c - 6. List the prime factors of l.
2, 7
Let b = 16 - 9. Let w = -11 + b. List the prime factors of (5/w + -1)*-4.
3
Let m(t) = t**3 - t**2 + t + 1. Let h(d) = -5*d**3 + 13*d**2 - 11*d + 4. Let i(a) = -h(a) - 6*m(a). List the prime factors of i(-8).
2, 7
Suppose -2*a + x + 4 = -13, -a + 4*x + 12 = 0. Let h be (a/(-3))/(12/(-18)). Suppose 6 + 10 = h*m. List the prime factors of m.
2
Let u = 1 + 35. List the prime factors of u.
2, 3
Let v = 173 - 95. List the prime factors of v.
2, 3, 13
Let p(c) = -c**3 - 3*c**2 + 3. Let z(x) = x**2 - x + 1. Let m be z(-2). Let d(f) = -f**3 + 6*f**2 + 7*f - 3. Let l be d(m). List the prime factors of p(l).
3
Suppose 2*b = -2*b - 4. Let h be (1/(2/4))/b. List the prime factors of h/2 - -2 - -1.
2
Suppose -w + 56 + 20 = 0. Suppose 3*l = -4*x + w, 0*l - 82 = -3*l - x. List the prime factors of l.
2, 7
Let i = -11 + 61. Let m = 84 - i. Suppose 0 = -3*u + m + 14. What are the prime factors of u?
2
Let o = -60 + 106. List the prime factors of o.
2, 23
What are the prime factors of ((-8)/1)/((-3)/6)?
2
Let s(i) = 8*i + 4. List the prime factors of s(4).
2, 3
Suppose -3*z - d = d - 513, -5*z + 874 = -3*d. What are the prime factors of z?
173
Suppose 53*b - 58*b = -170. List the prime factors of b.
2, 17
Let x = 8 - 11. Let i = x - -5. What are the prime factors of i?
2
Suppose -5*s + 28 = -192. What are the prime factors of s?
2, 11
Let v(g) = 6 + 4 + 2*g - 3*g. List the prime factors of v(-11).
3, 7
Suppose 0 = -g + 9 + 25. What are the prime factors of g?
2, 17
Let b(p) = -p**3 - 3*p**2 - 2. What are the prime factors of b(-4)?
2, 7
Let m(k) = -k**2 + 11*k - 11. Let l be m(10). What are the prime factors of (1 + l)/1 - -11?
11
What are the prime f